**2 - 8 + 303*n**2 + 269*n**2 + n**3. Determine v(-6).
16
Let f(c) = 31*c. Let s(r) = 68*r + 21. Let b(l) = -2*f(l) + s(l). Calculate b(-6).
-15
Let u(g) = 3*g**2 + 5*g + 4. Let a(q) = -3*q - 81. Let p be a(0). Let w be p/(1 + 2)*2/(-2). Let i = -30 + w. Determine u(i).
16
Suppose 119 = 19*o + 24. Let m(a) = -a**3 - 4*a**2 - 4*a - 4. Let n(t) = t**3 + 4*t**2 + 5*t + 5. Let d(x) = o*n(x) + 6*m(x). What is d(-2)?
-9
Suppose -17 = -5*o - 2. Suppose 0 = 3*w + o*w - 66. Let a(d) = -8 + w - 4*d - d**2 + 6*d - d**2. Give a(-2).
-9
Let b(l) be the first derivative of l**5/20 + 7*l**4/12 + l**3/2 - 4*l**2 - 45*l - 34. Let k(z) be the first derivative of b(z). Give k(-6).
10
Let m(y) be the second derivative of -242*y + 0 + 1/20*y**5 + 4*y**2 + 7/6*y**3 - 2/3*y**4. Let n(r) = -r**2 - 7*r - 5. Let u be n(-4). Calculate m(u).
8
Let k(g) = 15*g**3 - 494*g**2 - 32*g - 34. Let c be k(33). Let u(s) = -20*s + 2 + 3 - 4. Determine u(c).
21
Let f(h) = -11*h - 3. Let j(b) = -4*b - 1. Let w(t) = -3*f(t) + 8*j(t). Let k(z) = -92*z - 181. Let o be k(-2). Calculate w(o).
4
Let g(u) = -9*u**2 - 113*u - 284. Let x(j) = -2*j**2 - 25*j - 64. Let i(c) = -5*g(c) + 22*x(c). Suppose 5*y + 65 = -4*n, -5*y - 24 = 5*n + 56. Determine i(n).
12
Let q(b) be the third derivative of -b**6/120 + 2*b**5/15 - 11*b**3/6 - 23*b**2 + 2. What is q(8)?
-11
Let k(q) = q**2 + 3*q - 2. Let i be k(-4). Let j be (-8)/(-18) + (-6495014)/(-522). Let h(w) = -12443*w + j*w - 3*w**2 + w**3 + 1. Give h(i).
-3
Let a = 12484 + -12486. Let c(y) = -5*y**3 - 4*y**2 - y + 4. What is c(a)?
30
Let o(b) = 38 - 7 - 100*b + 88*b. What is o(-9)?
139
Let x(b) = -b - 1. Let g be (1115/40 - -6) + (-1)/(-8). Suppose g*p - 63 = 27*p. Give x(p).
-10
Let r = -39086 + 39080. Let y(a) be the first derivative of a**3/3 + 4*a**2 + 6*a + 1. What is y(r)?
-6
Let g(c) be the first derivative of -c**4/4 - 5*c**3/3 - 14*c + 2686. Determine g(-6).
22
Let w(a) = 3*a**2 + 5*a + 1 + 2 - 2*a**2. Let v(i) = 25*i**3 - 2*i**2 - 6*i - 23. Let o be v(-3). Let g = -703 - o. Give w(g).
3
Let m(b) = -2*b - 297. Let g(q) = 4*q + 496. Let t(y) = -3*g(y) - 5*m(y). Let r(v) = -v**2 + 7*v + 4. Let p be r(7). Determine t(p).
-11
Let b(m) = -m**3 + 8*m**2 - 8*m + 3. Let z be (-3 - -2) + 6 + -4 - 11. Let a be 8/z*60/8. Let o be ((-14)/21)/(1*a/63). Give b(o).
-4
Let o(a) = a**2 + 13*a + 32. Let p be o(-12). Suppose -d + 95 = -p*d. Let k(u) = -u**2 - 3*u - 2. Calculate k(d).
-12
Let u(s) be the third derivative of 0 - 1/24*s**4 + 2/3*s**3 - 2*s + 2*s**2. Give u(6).
-2
Suppose -34 - 1 = -5*j + 5*m, -4*j + 2*m + 34 = 0. Suppose 0 = -727*r + 728*r - 6. Let s(o) = 6 - o**2 + r + 13*o + 1 - 4*o. Calculate s(j).
3
Suppose -56 = u + 3*u. Let q be 12/(-42) + (-144)/u. Suppose -3*r + 5*k = -2*r + 22, 0 = 5*r - k - q. Let j(d) = d + 1. Determine j(r).
4
Let q(i) be the second derivative of -5*i**3/6 - 21*i + 25. Determine q(0).
0
Let y(a) be the second derivative of 1/3*a**3 - 2*a**2 - 1/20*a**5 + 0 - a - 1/6*a**4. Let h be (-14112)/(-3024) - (-26)/(-3). Calculate y(h).
20
Let a(v) = 4*v**2 + 3*v + 12. Let l(r) = -5*r**2 - 3*r - 14. Let d(k) = 6*a(k) + 5*l(k). What is d(-2)?
-8
Suppose 6*i + 3288 - 3174 = 0. Let v(j) = j**2 + 21*j + 35. Calculate v(i).
-3
Let f(n) = 2*n. Let y be f(-1). Suppose 0 = 4*h + 7 - 35. Let k(g) = -2 - 13*g + g + h*g + g. Determine k(y).
6
Let t(z) = 90*z**3 - 5*z + 6 - 192*z**3 - z**2 + 98*z**3. Let k(g) = -g + 1. Let r(i) = -6*k(i) + t(i). Give r(1).
-4
Let c(w) = 2*w - 1. Suppose 3*b - 4*h - 3 = 0, -21 = 5*b - 88*h + 90*h. What is c(b)?
-7
Suppose 4*t = 47*g - 50*g - 13, -g + 2*t = 1. Let m(r) = -18*r - 55. Give m(g).
-1
Let i be (-13)/117 - (-1137)/27. Let z(j) = 67*j - 8 - 110*j + i*j. Give z(-12).
4
Let v(z) = z**2 + 8*z - 5. Suppose -3*a = 18, -2*w = 17*a - 14*a + 40. Calculate v(w).
28
Let l = -231 + 380. Let w(f) = 50*f - 18 + 48*f + 52*f - l*f - f**2. Calculate w(0).
-18
Let k(g) = 12*g + 20*g + 16*g + 12*g + 6 - 75*g. Calculate k(3).
-39
Let k be (-1)/(1/(-4 - -7)). Let o be 2*-2*1/4*k. Let x(c) = 2*c**2 - c. What is x(o)?
15
Let g(u) = -37*u**3 - 25*u**2 + 22*u + 42. Let f(a) = -17*a**3 - 12*a**2 + 10*a + 20. Let d(n) = 13*f(n) - 6*g(n). Give d(7).
43
Let b(s) = 2 + 0*s**3 + s**3 + 0*s**3 - 4*s**3 - 3. Let u be b(-1). Let p(d) = d**3 - 5*d**2 + 3*d - 2. What is p(u)?
-8
Let x = 728 + -1028. Let v = 302 + x. Let t(n) = -n**3 + n**2 + 3*n - 2. Determine t(v).
0
Let j = -20045 + 20044. Let i(f) = -7*f**3 + 7*f**2 + 4*f + 3. Determine i(j).
13
Let l(b) = -20*b**2 - 7*b. Let s be l(-3). Let o = -160 - s. Let n(i) = 11*i - 2. Determine n(o).
-13
Let r(d) be the second derivative of -d**5/20 - 11*d**4/12 - 5*d**3/3 + 3*d**2/2 - 18*d. Let j be r(-10). Let f(b) = 2*b + 1 + 3*b - 1. Give f(j).
15
Suppose l + 6 = -l. Let w(x) = x**2 + x + 1. Let k(q) = -5*q**2 - 7*q - 44. Let y(a) = -k(a) - 6*w(a). Let m(j) be the first derivative of y(j). Determine m(l).
7
Let p(f) = f**3 + 18*f**2 + 16*f - 8. Suppose -22*z + 14 = -24*z - 5*u, -3*z + 3*u = 63. What is p(z)?
9
Suppose -w = -2*x + 4, 2*x + 42*w = 41*w. Let l(a) = -53*a + 2. Give l(x).
-51
Let q(w) = -w**3 + 27*w**2 - 50*w + 2. Let u be q(25). Let z(a) = -a**2 + 7*a. Let b be z(6). Let n(x) = b + 4*x - 5 + 0. What is n(u)?
9
Suppose -29*a + 9 = -26*a, -6*v = -4*a + 12. Let j(g) be the second derivative of 1/3*g**3 + v - 9/2*g**2 + 16*g. Calculate j(6).
3
Let p(j) = -1031*j**2 - 8*j**3 - 950*j**2 + 1980*j**2 - 4*j**3. Let g be -1*(-3 + (-2 - -4)). Calculate p(g).
-13
Let b(r) = 3*r**2 + 2*r + 2*r**3 - r**2 + 2*r**3 + 1. Suppose -8*h + 10 = -3*h. Suppose -149 = -h*p - 151. Give b(p).
-3
Let w = 3316 + -3311. Let f(a) = -a**3 + 5*a**2 - 3. What is f(w)?
-3
Let m(h) = 45*h + 667. Let t be m(-15). Let p(y) = -y**3 - 7*y**2 + 8*y - 13. What is p(t)?
-13
Let f(i) = 5*i + 1. Let m(v) be the first derivative of -9*v**2/2 - 2*v + 8. Let b(w) = -9*f(w) - 4*m(w). Determine b(-1).
8
Let s(n) = -49 - 102 + 317 + 21*n - 64 - 66 - n**2. Determine s(20).
56
Let k(c) = 6*c**3 + 1. Let z(t) = 23*t + 10. Let n be z(1). Suppose d = -n + 32. Give k(d).
-5
Let m(q) be the second derivative of -q**5/20 - 5*q**4/6 + 5*q**3/2 + 20*q**2 + 46*q - 2. Calculate m(-11).
-4
Let a be 1 - -7 - (-56)/(-28). Let q(r) = -r**3 + 7*r**2 - 8*r + 8. Determine q(a).
-4
Suppose -531 = -30*d + 589 - 1330. Let u(b) = -4*b - 33. Determine u(d).
-5
Let x(m) = 2*m**3 - 2*m**2 + 2*m - 1. Let w(s) = -3*s**3 - 2*s**2 + 5*s + 3. Let r(b) = -w(b) + x(b). Determine r(-2).
-38
Let d(a) be the second derivative of 0 - 2*a**2 + 0*a**3 - 1/20*a**5 + 5/12*a**4 - 153*a. Suppose -5*m + 2 + 23 = 0. Calculate d(m).
-4
Let w(y) = y**3 + 4*y**2 + 6*y + 1. Let h be 0/((2 - 1)*(-1 - -2)). Suppose -69 = 16*u - 5. Let z = h + u. Calculate w(z).
-23
Let n = -2737 + 2739. Let y(x) = -13*x**2 + 12*x - 3. Determine y(n).
-31
Let t(c) = 4*c**3 - 8*c**2 - 37*c - 21. Let p(a) = 3*a**3 - 6*a**2 - 28*a - 16. Let f(r) = 13*p(r) - 10*t(r). Calculate f(-4).
74
Let c(n) = -2*n**2 - 22*n + 7. Let a = -44 - -33. Let d be c(a). Suppose -2*q + 5*x = 16, d = -5*q - 5*x + 2. Let h(z) = 2*z**2 + z - 1. Calculate h(q).
14
Let a(l) = 404*l + 5*l**2 - 5 - 402*l + 2 - 6*l**2 - l**2. Determine a(5).
-43
Let v(c) = 59*c - 4*c - 89*c + 3*c**2 - 2*c**2 - 114. Determine v(-3).
-3
Let q(t) = -t**2 + 10*t + 11. Let x be q(12). Let b be -7 + 11/((-11)/x). Let p(y) = -8*y - 2*y**2 - 3*y**2 + y**3 + 0*y**3 - 2. What is p(b)?
-14
Suppose -334*w - 4 = -337*w - 2*g, -3*w - 3*g = 0. Let v(i) = -i**2 + 14. What is v(w)?
-2
Let o = 25 - 22. Suppose -2*j + o*n + 479 = 0, -503 = -5*j + 3*j - 5*n. Let q(h) = j + 0*h**2 + 9*h + h**2 - 236. Give q(-8).
0
Let n(s) be the first derivative of -2*s**2 - 29*s + 3393. What is n(-5)?
-9
Let d be 13/(-2)*(-76)/247. Let l(v) be the second derivative of 0 + 7/2*v**d + 23*v + 1/2*v**3. What is l(-6)?
-11
Let z(d) be the first derivative of 3*d**2 - d - 13982. Calculate z(1).
5
Let t(w) = -3*w - 1. Let j(c) = 5 - 2 + 3 + 2*c - 8 + 3. Suppose 12 = 5*a - a. Let z(v) = a*t(v) + 5*j(v). Calculate z(-3).
-1
Let n = -58 + 58. Let w(b) be the second derivative of 3*b - 1/20*b**5 + 1/12*b**4 + 0 - 1/6*b**3 - 7/2*b**2. What is w(n)?
-7
Let r(p) = -47*p + 277. Let q(s) = 32*s - 185. Let c(u) = 10*q(u) + 7*r(u). Give c(10).
-1
Suppose 2*m + 14 = 0, -61 = -19*g + 21